What is n(7)?
6
Let c(s) = s**3 - 3*s**2 + 11. Calculate c(3).
11
Let n(w) = -2*w**2 - 9*w + 72. Calculate n(-9).
-9
Let n(z) = 67*z - 344. Give n(5).
-9
Let u(d) = -d - 18. Give u(-18).
0
Let x(n) = -40*n**3 - 2*n**2 + n + 1. Give x(1).
-40
Let v(y) = -y**2 + 9*y + 7. What is v(13)?
-45
Let m(a) = a - 24. Determine m(15).
-9
Let x(b) = b**2 + 2*b + 5. Determine x(0).
5
Let q(y) = -3*y**2 + 42*y + 46. Determine q(15).
1
Let o(j) = -69*j - 5. What is o(1)?
-74
Let f(k) = -k**2 + 16*k + 9. Give f(17).
-8
Let l(c) = c**3 - c - 3. Give l(2).
3
Let j(w) = w**3 - 5*w**2 - w - 4. Give j(6).
26
Let i(z) = -z**2 - 13*z + 2. Calculate i(-14).
-12
Let c(r) = -23*r - 104. Give c(-5).
11
Let l(i) = -27*i**2 + 15*i. Calculate l(1).
-12
Let n(p) = 9*p. Give n(-1).
-9
Let q(x) = 2*x**2 + 18*x - 21. Calculate q(-10).
-1
Let m(o) = -3*o**2 + 10*o - 12. What is m(5)?
-37
Let f(w) = -3*w**2 + 6*w - 4. Give f(4).
-28
Let s(z) = 21*z + 6. Calculate s(0).
6
Let z(d) = 6*d**2 + 4*d + 4. Calculate z(-2).
20
Let t(g) = -g**2 + 3*g + 22. Determine t(7).
-6
Let w(j) = -5*j. What is w(0)?
0
Let p(z) = 2*z**3 + 2*z**2 + 3*z. Calculate p(-2).
-14
Let b(n) = n**3 + 9*n**2 + 3*n - 55. Determine b(-8).
-15
Let m(i) = i**3 + i**2 + i + 71. Calculate m(0).
71
Let k(g) = -5*g**2 + 563*g - 339. Give k(112).
-3
Let u(o) = 3*o**2 - o - 3. Give u(4).
41
Let i(f) = -4*f**2 - 25*f + 27. What is i(-7)?
6
Let c(b) = -b**3 - 15*b**2 - 13*b + 14. What is c(-14)?
0
Let k(z) = -3*z**3 - z**2 - z. Determine k(-2).
22
Let z(m) = m**2 - 6*m - 21. Calculate z(-6).
51
Let k(r) = r**3 + 15*r**2 - 14*r + 9. Give k(-16).
-23
Let p(z) = -z - 1. Calculate p(8).
-9
Let w(k) = -3*k**3 + 5*k + 5. What is w(3)?
-61
Let p(j) = j**2 - 3*j + 3. Determine p(2).
1
Let z(s) = -s + 3. What is z(-11)?
14
Let h(m) = -52*m - 53. Determine h(-1).
-1
Let s(g) = -11*g - 13. What is s(-4)?
31
Let p(t) = 10*t**2 + 4*t. What is p(-3)?
78
Let p(z) = -z + 2. Calculate p(0).
2
Let m(j) = -j**3 + 8*j**2 + 5*j + 33. Calculate m(9).
-3
Let b(t) = -18*t + 28. Give b(2).
-8
Let p(g) = -2*g - 8. Give p(-4).
0
Let y(w) = w - 2. Determine y(7).
5
Let c(u) = -u**3 - 13*u**2 - 16*u - 10. What is c(-11)?
-76
Let a(v) = -v - 20. Determine a(-25).
5
Let r(w) = -3*w**3 - 62*w**2 + 20*w - 22. Calculate r(-21).
-1
Let m(n) = 2*n**3 - 32*n**2 - 13. Determine m(16).
-13
Let t(o) = -2*o**3 + 20*o**2 - 21*o + 2. What is t(9)?
-25
Let q(i) = i**3 + 6*i**2 - 7*i + 5. Give q(-7).
5
Let c(f) = -16*f + 30. Determine c(3).
-18
Let p(b) = -b**3 + 7*b**2 + 2*b - 2. Give p(8).
-50
Let y(z) = z + 7. Determine y(-3).
4
Let q(p) = -7*p**3 + 3*p**2. Determine q(1).
-4
Let j(v) = v**2 + 3*v + 9. Determine j(-4).
13
Let n(l) = 63*l + 510. Determine n(-8).
6
Let n(z) = 17*z - 3. Give n(-1).
-20
Let x(s) = s**3 + 2*s + 47. Determine x(0).
47
Let u(n) = -10*n + 32. Give u(7).
-38
Let f(n) = -n - 19. Determine f(-22).
3
Let l(b) = 2*b. Give l(-10).
-20
Let v(g) = g**3 + 4*g**2 - 9*g - 14. Give v(-4).
22
Let d(q) = -q. Determine d(6).
-6
Let f(y) = 3*y + 21. What is f(-11)?
-12
Let l(n) = -2*n**3 + 21*n**2 - 40*n + 21. What is l(9)?
-96
Let v(i) = -i**3 + 3*i**2 - 6*i + 7. What is v(2)?
-1
Let a(q) = -q + 5. Give a(11).
-6
Let f(g) = 59*g + 394. Give f(-7).
-19
Let o(c) = c - 9. Calculate o(11).
2
Let y(c) = -c + 12. Give y(3).
9
Let t(w) = -w**3 + 7*w**2 - 2*w + 17. Determine t(8).
-63
Let t(v) = -v + 1. Give t(-19).
20
Let c(t) = t**3 + 5*t**2 - 5*t + 13. Determine c(-6).
7
Let a(c) = -14*c - 50. Give a(-3).
-8
Let s(c) = 29*c + 4. Give s(-2).
-54
Let g(u) = u**3 - 22*u**2 - 2*u + 27. Give g(22).
-17
Let x(q) = q**2 + 4. What is x(-2)?
8
Let v(g) = 105*g + 103. Give v(-1).
-2
Let m(p) = 23*p + 170. What is m(-7)?
9
Let f(q) = -2*q**2 - 26*q - 19. Give f(-13).
-19
Let u(l) = 186*l - 1124. What is u(6)?
-8
Let j(t) = -t**2 - 5*t - 2. Give j(-5).
-2
Let d(c) = c + 10. What is d(-3)?
7
Let o(j) = -8*j + 37. Calculate o(4).
5
Let o(d) = -3*d**2 + 97*d - 34. Give o(32).
-2
Let m(t) = t**3 - t**2 - t - 26. Calculate m(5).
69
Let m(l) = 2*l**2 - 98*l + 518. Determine m(6).
2
Let j(x) = -x + 7. Give j(5).
2
Let d(s) = -s**3 + 4*s**2 + 7. Determine d(5).
-18
Let s(w) = w**3 + 18*w**2 + 21*w + 37. Give s(-17).
-31
Let m(x) = -x**2 + 45*x - 436. Give m(14).
-2
Let s(x) = 11*x. Calculate s(1).
11
Let p(u) = 83*u**2 - 17*u - 16. Give p(-1).
84
Let c(v) = v**3 + 10. Calculate c(0).
10
Let c(u) = -u**2 + 5*u + 41. What is c(12)?
-43
Let s(c) = -c**3 - 4*c**2 + 5*c + 12. What is s(-5)?
12
Let n(j) = 2*j**3 - 8*j**2 + 7. Give n(3).
-11
Let k(s) = -3*s. Calculate k(-2).
6
Let j(y) = -y**2 - y - 11. Calculate j(-7).
-53
Let f(w) = w**2 - 3*w - 5. Calculate f(5).
5
Let o(a) = a**3 - 6*a**2 + 9*a - 12. Give o(5).
8
Let t(d) = d**3 - d - 3. Give t(0).
-3
Let o(m) = -m**3 + 13*m**2 + 23*m - 21. What is o(15)?
-126
Let c(y) = -5*y**2 + 32*y - 17. Calculate c(7).
-38
Let x(i) = -i**2 - 2*i + 2. Calculate x(-3).
-1
Let g(x) = -x**3 + 9*x**2 + 9*x + 15. Determine g(10).
5
Let r(j) = 5*j - 44. Determine r(10).
6
Let r(y) = -2*y**2 + 3*y + 4. Give r(3).
-5
Let r(h) = h**3 + 43*h**2 + 40*h - 73. Calculate r(-42).
11
Let r(y) = y**2 - 7. Give r(9).
74
Let n(u) = 5*u - 1. What is n(-7)?
-36
Let r(j) = -2*j**2 - 13*j - 3. What is r(-7)?
-10
Let k(i) = -i**3 + 7*i**2 - 1. Determine k(3).
35
Let n(a) = -a**3 + 9*a**2 - 6*a - 16. Give n(8).
0
Let x(l) = -6*l - 161. Calculate x(-26).
-5
Let r(o) = 15*o + 3. Determine r(-2).
-27
Let y(d) = -d**3 + d**2 + 7*d - 2. Determine y(3).
1
Let v(x) = -7*x - 35. Give v(-5).
0
Let p(m) = -2*m - 22. What is p(-15)?
8
Let o(k) = -3*k - 68. Give o(-25).
7
Let l(i) = i**2 + 4*i - 11. What is l(-6)?
1
Let u(i) = 3*i - 30. What is u(9)?
-3
Let m(y) = y**3 + 2*y**2 - y + 1. Calculate m(-2).
3
Let x(u) = -147*u + 146. Give x(1).
-1
Let i(k) = k**3 - 11*k**2 - 3*k + 4. What is i(11)?
-29
Let b(o) = -o**3 - o - 1. Calculate b(-1).
1
Let d(g) = -g**2 - 26*g + 31. What is d(-27)?
4
Let y(o) = -o**3 + 2*o**2 + 13*o. Give y(5).
-10
Let h(u) = -u**3 - 11*u**2 - u + 16. What is h(-11)?
27
Let y(u) = u**2 - 16*u - 10. Calculate y(16).
-10
Let s(f) = 3*f**2 - 30*f + 23. Calculate s(8).
-25
Let r(t) = -5*t**2 - 101*t - 15. Calculate r(-20).
5
Let r(y) = -y**2 + 10*y + 7. Give r(11).
-4
Let q(r) = -7*r**3 - 2*r**2 + 1. What is q(1)?
-8
Let h(k) = k**2 - 10*k - 5. Give h(9).
-14
Let d(x) = -2*x**2 + 11*x - 5. Determine d(7).
-26
Let w(v) = -v**3 + 4*v**2 + 7*v - 8. Give w(5).
2
Let s(t) = -t**2 - 3*t - 6. Determine s(-4).
-10
Let x(u) = 98*u**2 - u - 2. Determine x(1).
95
Let z(y) = -17*y + 35. Give z(-1).
52
Let s(w) = w**3 + 17*w**2 + 15*w - 21. Determine s(-16).
-5
Let s(u) = 2*u - 27. Determine s(12).
-3
Let i(l) = l + 20. Determine i(-15).
5
Let f(j) = -22*j + 79. What is f(4)?
-9
Let n(i) = 3*i**2 + 7*i - 8. Give n(-6).
58
Let d(k) = -5*k**3 - k. Give d(1).
-6
Let t(v) = v**3 + 11*v**2 + 2*v - 6. What is t(-11)?
-28
Let c(m) = 2*m**3 - 8*m**2 - 9*m + 12. Determine c(4).
-24
Let q(p) = -12*p + 325. Determine q(27).
1
Let w(v) = -v + 7. Give w(4).
3
Let s(w) = -w**3 - 4*w**2 + 7*w + 2. Give s(0).
2
Let f(u) = 6*u**2 - 4*u + 18. Determine f(3).
60
Let m(p) = 8*p + 51. What is m(-8)?
-13
Let w(j) = j**2 - 63*j + 387. Calculate w(7).
-5
Let k(j) = j**3 - 4*j**2 - 6*j + 6. What is k(5)?
1
Let p(c) = -c**3 + 6*c**2 - 3*c - 22. Give p(6).
-40
Let h(l) = -l**2 + 13*l - 5. Give h(13).
-5
Let j(s) = -s - 14. Calculate j(-4).
-10
Let d(r) = r**2 + 17*r + 12. Calculate d(-16).
-4
Let j(c) = c**2 - c - 2. What is j(2)?
0
Let c(x) = -x**2 - 4*x + 4. What is c(-5)?
-1
Let a(q) = q**2 - 12*q - 21. Calculate a(14).
7
Let g(v) = -9*v - 8. Give g(-2).
10
Let z(d) = d**2 + 13*d - 1. Calculate z(-15).
29
Let x(n) = n**3 - 12*n**2 + 19*n + 1. Give x(10).
-9
Let r(g) = g**3 + 6*g**2 + 13*g + 7. What is r(-5)?
-33
Let a(v) = -v**3 - 11*v**2 + 2*v + 27. What is a(-11)?
5
Let u(g) = g**2 + 6*g - 6. Give u(-7).
1
Let b(t) = -3*t - 52. Calculate b(-7).
-31
Let q(s) = -6*s + 6. Determine q(6).
-30
Let f(t) = 5*t**2 - 14*t + 2. Determine f(3).
5
Let x(a) = 137*a**2 - a + 2. Determine x(1).
138
Let v(n) = -n**3 + 5*n**2 - 6*n - 4. Give v(3).
-4
Let n(q) = q**3 + 5*q**2 + 7*q + 4. What is n(-4)?
-8
Let i(f) = -117*f - 1. Calculate i(1).
-118
Let q(z) = -z**3 + 11*z**2 - z + 15. What is q(11)?
4
Let n(o